{"id":172,"date":"2022-08-21T06:23:08","date_gmt":"2022-08-21T06:23:08","guid":{"rendered":"https:\/\/www.platformasociala.comunaisverna.ro\/?page_id=172"},"modified":"2023-01-20T13:09:41","modified_gmt":"2023-01-20T13:09:41","slug":"despre","status":"publish","type":"page","link":"https:\/\/www.platformasociala.comunaisverna.ro\/ro\/despre\/","title":{"rendered":"Despre"},"content":{"rendered":"<div class=\"wpb_text_column\">\n<div class=\"wpb_wrapper\">\n<ul>\n<li>Implementarea strategiilor de dezvoltare local\u0103 \u00een comunit\u0103\u0163ile marginalizate din zona rural\u0103 \u015fi\/ sau \u00een ora\u015fe cu o popula\u0163ie de p\u00e2n\u0103 la 20.000 locuitori \u2013 Regiuni mai putin dezvoltate.\u00a0Reducerea num\u0103rului de comunit\u0103\u0163i marginalizate aflate \u00een risc de s\u0103r\u0103cie \u015fi excluziune social\u0103 din zona rural\u0103 \u015fi ora\u015fe cu o popula\u0163ie de p\u00e2n\u0103 la 20.000 locuitori prin implementarea de m\u0103suri\/ opera\u0163iuni integrate \u00een contextul mecanismului de DLRC.<\/li>\n<li>Obtinerea sprijinului pregatitor pentru elaborarea stratetiei de dezvoltare locala va oferi actorilor locali \u015fi reprezentan\u0163ilor din diferite domenii de activitate posibilitatea de a lucra \u00eempreun\u0103 \u015fi de a interac\u0163iona \u00een favoarea comunit\u0103\u0163ilor din teritoriul parteneriatului Platoul Mehedinti.<\/li>\n<\/ul>\n<div class=\"h-column h-column-container d-flex h-col-lg-6 h-col-md-6 h-col-12 style-225-outer style-local-62-c28-outer\">\n<div class=\"d-flex h-flex-basis h-column__inner h-px-lg-2 h-px-md-2 h-px-2 v-inner-lg-2 v-inner-md-2 v-inner-2 style-225 style-local-62-c28 position-relative\" data-colibri-id=\"62-c28\">\n<div class=\"w-100 h-y-container h-column__content h-column__v-align flex-basis-100 align-self-lg-start align-self-md-start align-self-start\"><\/div>\n<\/div>\n<\/div>\n<div class=\"h-column h-column-container d-flex h-col-lg-6 h-col-md-6 h-col-12 style-225-outer style-local-62-c31-outer\">\n<div class=\"d-flex h-flex-basis h-column__inner h-px-lg-2 h-px-md-2 h-px-2 v-inner-lg-2 v-inner-md-2 v-inner-2 style-225 style-local-62-c31 position-relative\" data-colibri-id=\"62-c31\">\n<div class=\"w-100 h-y-container h-column__content h-column__v-align flex-basis-100 align-self-lg-start align-self-md-start align-self-start\">\n<div class=\"h-text h-text-component style-228 style-local-62-c33 position-relative h-element\" data-colibri-id=\"62-c33\">\n<div>\n<p>Obictivul 1: informarea cetatenilor din teritoriul parteneriatului Platoul Mehedinti asupra beneficiilor abordarii LEADER, in cadrul a 8 actiuni de informare desfasurate la nivelul fiecarei UAT componente GAL in cadrul carora se vor distribui materiale informative.<\/p>\n<p>Obiectivul 2: Implicarea actorilor locali reprezentativi pentru teritoriul parteneriatului Platoul Mehedinti si a partenerilor in elaborarea strategiei de dezvoltare locala prin consultarea acestora in cadrul a 3 intalniri ale partenerilor.<\/p>\n<p>Obiectivul 3: Colaborarea actorilor locali si a reprezentantilor din diferite domenii de activitate din teritoriul parteneriatului Platoul Mehedinti in procesul de dezvoltare a propriei comunit\u0103\u0163i locale prin participarea la desfasurarea unui grup de lucru.<\/p>\n<p>Obiectivul 4 \u0219i 5: Evidentierea trasaturilor specifice ale teritoriului parteneriatului Platoul Mehedinti prin realizarea unor analize si expertize. Elaborarea unei strategii de dezvoltare locala integrata si adaptata nevoilor locale ce va fi depusa in cadrul sesiunii de selectie a GAL -uri lansata de Ministerul Agriculturii.<\/p>\n<\/div>\n<\/div>\n<\/div>\n<\/div>\n<\/div>\n<\/div>\n<\/div>","protected":false},"excerpt":{"rendered":"<p>Implementarea strategiilor de dezvoltare local\u0103 \u00een comunit\u0103\u0163ile marginalizate din zona rural\u0103 \u015fi\/ sau \u00een ora\u015fe cu o popula\u0163ie de p\u00e2n\u0103 la 20.000 locuitori \u2013 Regiuni mai putin dezvoltate.\u00a0Reducerea num\u0103rului de comunit\u0103\u0163i marginalizate aflate \u00een risc de s\u0103r\u0103cie \u015fi excluziune social\u0103 din zona rural\u0103 \u015fi ora\u015fe cu o popula\u0163ie de p\u00e2n\u0103 la 20.000 locuitori prin implementarea [&hellip;]<\/p>","protected":false},"author":1,"featured_media":0,"parent":0,"menu_order":0,"comment_status":"closed","ping_status":"closed","template":"","meta":{"_bbp_topic_count":0,"_bbp_reply_count":0,"_bbp_total_topic_count":0,"_bbp_total_reply_count":0,"_bbp_voice_count":0,"_bbp_anonymous_reply_count":0,"_bbp_topic_count_hidden":0,"_bbp_reply_count_hidden":0,"_bbp_forum_subforum_count":0,"footnotes":""},"class_list":["post-172","page","type-page","status-publish","hentry"],"_links":{"self":[{"href":"https:\/\/www.platformasociala.comunaisverna.ro\/ro\/wp-json\/wp\/v2\/pages\/172","targetHints":{"allow":["GET"]}}],"collection":[{"href":"https:\/\/www.platformasociala.comunaisverna.ro\/ro\/wp-json\/wp\/v2\/pages"}],"about":[{"href":"https:\/\/www.platformasociala.comunaisverna.ro\/ro\/wp-json\/wp\/v2\/types\/page"}],"author":[{"embeddable":true,"href":"https:\/\/www.platformasociala.comunaisverna.ro\/ro\/wp-json\/wp\/v2\/users\/1"}],"replies":[{"embeddable":true,"href":"https:\/\/www.platformasociala.comunaisverna.ro\/ro\/wp-json\/wp\/v2\/comments?post=172"}],"version-history":[{"count":5,"href":"https:\/\/www.platformasociala.comunaisverna.ro\/ro\/wp-json\/wp\/v2\/pages\/172\/revisions"}],"predecessor-version":[{"id":247,"href":"https:\/\/www.platformasociala.comunaisverna.ro\/ro\/wp-json\/wp\/v2\/pages\/172\/revisions\/247"}],"wp:attachment":[{"href":"https:\/\/www.platformasociala.comunaisverna.ro\/ro\/wp-json\/wp\/v2\/media?parent=172"}],"curies":[{"name":"wp","href":"https:\/\/api.w.org\/{rel}","templated":true}]}}

<div class="wpb_text_column">
<div class="wpb_wrapper">
<ul>
<li>Implementarea strategiilor de dezvoltare locală în comunităţile marginalizate din zona rurală şi/ sau în oraşe cu o populaţie de până la 20.000 locuitori – Regiuni mai putin dezvoltate. Reducerea numărului de comunităţi marginalizate aflate în risc de sărăcie şi excluziune socială din zona rurală şi oraşe cu o populaţie de până la 20.000 locuitori prin implementarea de măsuri/ operaţiuni integrate în contextul mecanismului de DLRC.</li>
<li>Obtinerea sprijinului pregatitor pentru elaborarea stratetiei de dezvoltare locala va oferi actorilor locali şi reprezentanţilor din diferite domenii de activitate posibilitatea de a lucra împreună şi de a interacţiona în favoarea comunităţilor din teritoriul parteneriatului Platoul Mehedinti.</li>
</ul>
<div class="h-column h-column-container d-flex h-col-lg-6 h-col-md-6 h-col-12 style-225-outer style-local-62-c28-outer">
<div class="d-flex h-flex-basis h-column__inner h-px-lg-2 h-px-md-2 h-px-2 v-inner-lg-2 v-inner-md-2 v-inner-2 style-225 style-local-62-c28 position-relative" data-colibri-id="62-c28">
<div class="w-100 h-y-container h-column__content h-column__v-align flex-basis-100 align-self-lg-start align-self-md-start align-self-start"></div>
</div>
</div>
<div class="h-column h-column-container d-flex h-col-lg-6 h-col-md-6 h-col-12 style-225-outer style-local-62-c31-outer">
<div class="d-flex h-flex-basis h-column__inner h-px-lg-2 h-px-md-2 h-px-2 v-inner-lg-2 v-inner-md-2 v-inner-2 style-225 style-local-62-c31 position-relative" data-colibri-id="62-c31">
<div class="w-100 h-y-container h-column__content h-column__v-align flex-basis-100 align-self-lg-start align-self-md-start align-self-start">
<div class="h-text h-text-component style-228 style-local-62-c33 position-relative h-element" data-colibri-id="62-c33">
<div>
<p>Obictivul 1: informarea cetatenilor din teritoriul parteneriatului Platoul Mehedinti asupra beneficiilor abordarii LEADER, in cadrul a 8 actiuni de informare desfasurate la nivelul fiecarei UAT componente GAL in cadrul carora se vor distribui materiale informative.</p>
<p>Obiectivul 2: Implicarea actorilor locali reprezentativi pentru teritoriul parteneriatului Platoul Mehedinti si a partenerilor in elaborarea strategiei de dezvoltare locala prin consultarea acestora in cadrul a 3 intalniri ale partenerilor.</p>
<p>Obiectivul 3: Colaborarea actorilor locali si a reprezentantilor din diferite domenii de activitate din teritoriul parteneriatului Platoul Mehedinti in procesul de dezvoltare a propriei comunităţi locale prin participarea la desfasurarea unui grup de lucru.</p>
<p>Obiectivul 4 și 5: Evidentierea trasaturilor specifice ale teritoriului parteneriatului Platoul Mehedinti prin realizarea unor analize si expertize. Elaborarea unei strategii de dezvoltare locala integrata si adaptata nevoilor locale ce va fi depusa in cadrul sesiunii de selectie a GAL -uri lansata de Ministerul Agriculturii.</p>
</div>
</div>
</div>
</div>
</div>
</div>
</div>

<p>Implementarea strategiilor de dezvoltare locală în comunităţile marginalizate din zona rurală şi/ sau în oraşe cu o populaţie de până la 20.000 locuitori – Regiuni mai putin dezvoltate. Reducerea numărului de comunităţi marginalizate aflate în risc de sărăcie şi excluziune socială din zona rurală şi oraşe cu o populaţie de până la 20.000 locuitori prin implementarea [&hellip;]</p>
